est common divisor of 15007 and 6579.
43
What is the highest common divisor of 548639 and 161?
7
Calculate the highest common divisor of 261019 and 6344.
61
Calculate the highest common factor of 21 and 635400.
3
What is the highest common divisor of 6422 and 803374?
26
Calculate the highest common divisor of 3580245 and 1170.
45
What is the highest common divisor of 4259 and 624569573?
4259
Calculate the greatest common factor of 531 and 21022998.
177
Calculate the highest common factor of 724 and 133299622.
362
What is the greatest common divisor of 1049598885 and 174?
87
Calculate the highest common factor of 79520 and 676630.
710
What is the greatest common factor of 340 and 66488020?
340
What is the greatest common factor of 30176648 and 128984?
5608
What is the highest common factor of 956 and 14012092?
956
What is the greatest common factor of 43056 and 2194959?
897
What is the highest common factor of 86410 and 20300?
10
What is the highest common factor of 2636 and 2292819160?
2636
What is the greatest common divisor of 1152016 and 24208?
1424
Calculate the greatest common divisor of 615 and 97439165.
205
What is the greatest common divisor of 180 and 92949012?
36
What is the greatest common divisor of 48 and 1744148880?
48
Calculate the highest common divisor of 42066 and 215988.
246
What is the highest common divisor of 1580 and 120612855?
395
What is the greatest common divisor of 3325 and 8958025?
475
What is the highest common factor of 2316 and 23186634?
1158
What is the greatest common divisor of 75184536 and 8?
8
Calculate the greatest common divisor of 569050 and 554800.
950
What is the greatest common factor of 278717 and 38?
1
What is the highest common factor of 700501 and 108544?
53
What is the greatest common divisor of 20188844 and 6708?
2236
Calculate the highest common factor of 1306297 and 16813.
731
Calculate the greatest common divisor of 684334 and 1323.
49
What is the greatest common divisor of 571816 and 2744?
56
Calculate the greatest common divisor of 259090 and 3770.
130
What is the highest common factor of 1143147 and 59727?
1389
What is the highest common divisor of 222318999 and 135?
27
What is the greatest common factor of 23517912 and 297?
33
Calculate the greatest common factor of 350862744 and 36.
12
What is the greatest common factor of 933312 and 624?
48
Calculate the greatest common divisor of 345 and 196676835.
15
Calculate the greatest common divisor of 29771460 and 492.
12
Calculate the greatest common divisor of 579470107 and 344.
43
What is the greatest common factor of 11428523 and 148?
37
Calculate the greatest common divisor of 1240251950 and 350.
350
Calculate the greatest common factor of 19286696 and 3036.
1012
What is the highest common divisor of 4561454 and 120983?
359
Calculate the highest common divisor of 18033296 and 8.
8
Calculate the greatest common divisor of 644 and 203255577.
161
What is the greatest common divisor of 5746 and 21349263?
2873
What is the highest common factor of 459 and 29579031?
153
Calculate the greatest common divisor of 599394 and 42450.
1698
Calculate the greatest common factor of 840115 and 525.
5
Calculate the greatest common factor of 25 and 1964685.
5
What is the highest common divisor of 6564228824 and 482?
482
Calculate the highest common divisor of 5451 and 3708339.
237
What is the greatest common divisor of 423 and 133018507?
47
What is the greatest common divisor of 506135 and 50820?
35
Calculate the highest common factor of 216179052 and 48.
12
Calculate the greatest common divisor of 456 and 2530952.
152
Calculate the greatest common factor of 2336 and 337504.
32
What is the highest common divisor of 166077 and 208629?
27
Calculate the highest common factor of 124670 and 416754.
3562
What is the highest common factor of 97020 and 125532?
396
Calculate the greatest common divisor of 12 and 7345401.
3
What is the highest common factor of 613 and 23026732?
613
Calculate the greatest common divisor of 784752 and 2004.
12
Calculate the highest common factor of 8817880 and 160.
40
What is the highest common factor of 19533492 and 32742?
1926
Calculate the highest common divisor of 367567686 and 14418.
4806
What is the greatest common divisor of 528318945 and 1071?
1071
Calculate the highest common factor of 9666 and 461277630.
3222
Calculate the highest common factor of 6882220 and 20.
20
What is the highest common factor of 2592 and 7103781?
81
What is the highest common divisor of 4503805 and 40?
5
What is the greatest common divisor of 7066108 and 70007?
511
Calculate the highest common divisor of 407999317 and 1199.
1199
Calculate the greatest common factor of 53690406 and 25002.
2778
What is the greatest common divisor of 8451 and 1594109?
313
Calculate the highest common factor of 3350 and 398600.
50
What is the highest common divisor of 4616281 and 601?
601
Calculate the highest common factor of 50397 and 519513.
471
What is the greatest common divisor of 92 and 4100486?
46
Calculate the greatest common factor of 129 and 1117878.
3
What is the greatest common divisor of 760 and 52379010?
190
What is the greatest common factor of 17472 and 99552?
96
What is the greatest common factor of 2731500 and 1020?
60
What is the highest common factor of 3968973 and 361233?
459
What is the highest common divisor of 1680 and 102038790?
210
Calculate the highest common divisor of 2098512 and 31152.
2832
Calculate the greatest common factor of 445819 and 30404.
11
Calculate the greatest common divisor of 1319 and 331330162.
1319
What is the greatest common factor of 65369 and 38514?
131
Calculate the greatest common factor of 2082995 and 1988005.
6785
What is the highest common divisor of 2014311 and 4056?
507
What is the greatest common divisor of 16698 and 1320231?
363
Calculate the highest common factor of 348934 and 848.
2
What is the highest common divisor of 739960 and 1664?
104
Calculate the greatest common factor of 404764 and 940.
188
What is the highest common factor of 325337166 and 7?
7
Calculate the highest common factor of 42063565 and 2.
1
What is the greatest common divisor of 130 and 73511230?
130
What is the highest common divisor of 6308 and 489364?
76
What is the highest common factor of 1280 and 13846720?
320
Calculate the greatest common factor of 139 and 1330867.
1
Calculate the greatest common divisor of 204678 and 2139408.
1494
What is the greatest common divisor of 539942 and 189696?
494
Calculate the greatest common divisor of 2309472 and 15468.
12
Calculate the highest common factor of 2120 and 4825915.
265
Calculate the greatest common factor of 232 and 39861832.
8
What is the greatest common factor of 42419000 and 5577?
169
What is the greatest common factor of 181 and 70508550?
181
What is the greatest common divisor of 510697250 and 1750?
1750
Calculate the greatest common divisor of 8723848 and 128.
8
Calculate the highest common divisor of 3802 and 141077012.
3802
What is the greatest common divisor of 7035 and 133767711?
1407
Calculate the highest common factor of 26536758 and 1312.
82
Calculate the highest common divisor of 610532 and 39.
13
What is the highest common factor of 57178 and 10383626?
506
Calculate the greatest common divisor of 6476 and 23.
1
What is the greatest common divisor of 113102209 and 484?
121
Calculate the highest common factor of 4033 and 69116573.
109
Calculate the greatest common divisor of 969540 and 2964390.
4290
What is the greatest common divisor of 490 and 5258290?
10
Calculate the greatest common divisor of 474404 and 2044.
28
What is the highest common divisor of 37763933 and 5138?
367
Calculate the highest common divisor of 658 and 103386370.
94
What is the highest common factor of 17759094 and 1612?
62
What is the highest common divisor of 15522 and 276549?
39
What is the highest common divisor of 340160 and 1294720?
320
What is the greatest common divisor of 106470 and 1437030?
630
Calculate the highest common factor of 9819 and 21564.
9
Calculate the greatest common factor of 9438375 and 250.
125
What is the highest common factor of 10377724 and 8512?
532
Calculate the greatest common factor of 290375 and 11298750.
2875
Calculate the highest common divisor of 6908023 and 5240.
131